 the remainder when y is divided by o.
15
Let r(y) = -27*y + 8. Let p be r(-8). Calculate the remainder when 28 is divided by (-8)/(p/(-147)) + 2/(-8).
3
Let v = -806 - -819. What is the remainder when 674 is divided by v?
11
Let q = -28 - -36. Suppose q*g = 4*g + 328. What is the remainder when g is divided by 28?
26
What is the remainder when ((-379)/3)/(59/(-177)) is divided by 97?
88
Let v(q) = q**2 + 10*q + 28. What is the remainder when v(9) is divided by 68?
63
Let a = 24 + -33. Let v(u) = -u - 9. Let k be v(a). Suppose 0 = -4*z - r + 43, -55 + k = -5*z - r. Calculate the remainder when z is divided by 7.
5
Suppose 5*h - 102 = -12. Suppose -5*x = -n + 29, 3*x + 7 = -8. Suppose -p + 2*p = n*v - 5, -44 = -5*p - 3*v. What is the remainder when h is divided by p?
4
Let i(a) = 14*a - 3. Let w be i(5). Suppose 3*m = 15, 4*m - w - 35 = -v. Calculate the remainder when v is divided by 17.
14
Calculate the remainder when (12 - 189/18)/((-3)/(-94)) is divided by 38.
9
Suppose 2*o = 2, -5 = k - 3*o - 29. Let j = k + -6. Calculate the remainder when 79 is divided by j.
16
Let p(i) = i**2. Let o = -17763 - -17809. What is the remainder when o is divided by p(2)?
2
Suppose 5*f = -n + 12, -11*f + 18 = -10*f - 5*n. What is the remainder when 49 is divided by (f - 22)*((-12)/3 - -3)?
11
Let l(x) = x**3 - 5*x**2 - x - 8. Suppose -4*d + 76 = -4*u, -4*u + 24 = 5*d - 4*d. Let t = d - 14. What is the remainder when 86 is divided by l(t)?
20
Suppose 5*y = g - 0*g + 34, 0 = 2*g + 8. Let b = 53 + -21. Suppose -z - 3*z + 2*q + b = 0, -5*z + 38 = -3*q. What is the remainder when z is divided by y?
4
Let h = -21 - -50. Suppose 5*r - 56 = h. Let q = -7 + 17. What is the remainder when r is divided by q?
7
Let x be -1*(-3 - (-7 - -2)). Calculate the remainder when (-4)/(-1)*8 - -2 is divided by (-1*2/4)/(x/76).
15
Suppose 0 = -3*q + 17 + 16. Let i = q - 5. Suppose i - 28 = -x. Calculate the remainder when x is divided by 8.
6
Let i = 8 + -8. Suppose i*y = 3*y. Suppose y*z - 46 = -2*z. What is the remainder when 113 is divided by z?
21
Let n(p) = 4*p + 70. Let s be n(-13). Let a(m) = 3*m**3 - 4*m**2. What is the remainder when a(3) is divided by -3 - (-58)/s - 212/(-18)?
9
Let g(s) = -s**3 - 12*s**2 - 6*s - 5. Let k be g(-11). Let n = k - -82. What is the remainder when 41 is divided by n?
19
Let b = 54 - 51. Suppose -6*f + 2*f - 3*a + 9 = 0, 4*f = a + 13. Calculate the remainder when 1/(f*(-1)/(-12)) is divided by b.
1
Let u = -1174 + 1254. Calculate the remainder when 299 is divided by u.
59
Let c = 1075 + -1046. Calculate the remainder when 65 is divided by c.
7
Let h = 6 + -3. Suppose 5 = -f - 0, -19 = -2*p + h*f. Let q(x) = 5*x**3 + x**2 - 3*x + 3. What is the remainder when q(p) is divided by 21?
20
Suppose 371 = 11*u - 4*u. Suppose -2*d - u = -f, f + 4*f + 4*d - 293 = 0. What is the remainder when f is divided by 30?
27
Let s(y) = y**3 - 4*y**2 + 2*y + 6. What is the remainder when 255 is divided by s(4)?
3
Let m(z) = z**3 - 8*z**2 + 8*z - 1. Calculate the remainder when 14 is divided by m(7).
2
Suppose -12*h = -13*h + 6. Let m(d) = d**2 - 3*d. What is the remainder when m(h) is divided by 8?
2
Let n(c) = -12*c**3 + c**2 - 1. Calculate the remainder when (3/(-6) - 0)*-44 is divided by n(-1).
10
Let w(f) = 16*f - 5. Let k be w(7). Let h = k + -34. Calculate the remainder when h is divided by 15.
13
Let u(t) = 24*t**3 + 3*t**2 - 3*t + 5. Let z be u(2). Let k = z - 120. Calculate the remainder when k is divided by 21.
20
Let y(l) = -l**2 - 9*l - 8. Let d be y(-9). Let u be 3*d/(-4)*1. Calculate the remainder when 6 is divided by (u - 0)*9/18.
0
Let b = -42 + 70. Suppose 430 - 7960 - 651 = -101*v. What is the remainder when v is divided by b?
25
Let l = 45 - 37. What is the remainder when 4*2/l*67 is divided by 17?
16
Suppose 3*y + m = 2*m + 24, -3*m = 3*y - 12. Let k(g) = g**3 - 5*g**2 - 17*g + 68. Calculate the remainder when y is divided by k(6).
1
Let r(y) = -y**3 - 13*y**2 - 14*y - 17. Let v be r(-12). Suppose -25 = 2*f - v*f. Suppose f*u - 197 + 27 = 0. Calculate the remainder when u is divided by 12.
10
Suppose 23*a = 1528 + 933. Calculate the remainder when a is divided by 14.
9
What is the remainder when 255 is divided by 6/4*(10 + (-2 - -28))?
39
Suppose 0*q + 82 = 2*g - q, 3*g - 2*q - 123 = 0. Calculate the remainder when 91 is divided by g.
9
Suppose 3*c - 6 = c, -d - 4*c + 46 = 0. Let p = d - -31. Suppose 3*i - 4*l - 67 = 0, 4*i - 3*l - 29 = 3*i. Calculate the remainder when p is divided by i.
14
Let q = -201 + 275. What is the remainder when q is divided by 20?
14
Let r(u) = -157*u + 6. Let h be r(-5). Suppose -h = -5*i + 169. Suppose 5*f - i = f. Calculate the remainder when f is divided by 25.
23
Let q(a) = a**3 + 24*a**2 + a + 18. Let g be q(-24). Let m(l) = -5*l**2 + 0*l**3 + 4 - l**3 - 2 + 5*l. What is the remainder when m(g) is divided by 3?
2
Suppose -96 = -3*y - b, 4*y - 5*b - 96 = -b. Let s be (-12)/10*5/(-2). Suppose i + s*i = 12, -3*c + i + 21 = 0. What is the remainder when y is divided by c?
6
Suppose 3*t + f = -2*t + 232, -144 = -3*t + f. Suppose 5*d - 30 = 30. Calculate the remainder when t is divided by d.
11
Suppose 5*y - 2*i - 59 = -6*i, -4*i = -5*y + 91. Let v(j) = -j**2 - 17*j - 16. Let w be v(-15). Let l = w - 10. Calculate the remainder when y is divided by l.
3
Let i(u) = 21*u + 1. Let v be i(1). Suppose 2*h - v = -0*h. What is the remainder when (-1793)/(-44) + 2/(-16)*-2 is divided by h?
8
Suppose 3*g = 12, 2*a - 2*g + 12 = -2*a. Calculate the remainder when 52 + 7 - (2 - a) is divided by 15.
11
Suppose -f + 3*c + 22 = 0, 2*f = -3*f + c + 68. What is the remainder when 36 is divided by f?
10
Suppose -243 = 4*v - 13*v. What is the remainder when 51 is divided by v?
24
Suppose 0 = -5*x - 61 + 71. Suppose -x*s - 13 = -121. Calculate the remainder when s is divided by 8.
6
Let s(z) = -z**3 - 7*z**2 + 4*z - 1. Let q = 25 - 34. Calculate the remainder when s(q) is divided by 32.
29
Let n(m) = -29*m - 1. Let z = 5 + 2. Suppose z*w = 5*w - 4. What is the remainder when n(w) is divided by 20?
17
Let x(g) = -g**2 + 29*g - 104. Calculate the remainder when 414 is divided by x(24).
14
Let k = 177 + -126. Calculate the remainder when 158 is divided by k.
5
Let u = 12 + -42. Let d = 123 + u. What is the remainder when 1 + 0 + d/3 is divided by 11?
10
Let l(b) = -7*b - 132. What is the remainder when 18 is divided by l(-21)?
3
Suppose -3*l + 136 - 55 = 0. Calculate the remainder when 93 is divided by l.
12
Let z(n) = -3*n**2 - 12*n + 3 + 4*n**2 - 4 - 2*n**2. What is the remainder when z(-5) is divided by 12?
10
Let o = -19 - -17. Let h = o + 27. Suppose h = v + z, -v = -z - 30 + 7. What is the remainder when 46 is divided by v?
22
Calculate the remainder when -3 + 7 - (3 + -168) is divided by 34.
33
Let y(j) = j**3 - 8*j**2 - 21*j + 6. Let r be y(10). What is the remainder when 44 is divided by -9*(-2)/(-8)*r?
8
Suppose 28 = 4*j - 0*j. Let h(f) = f**2 - 3*f - 14. Calculate the remainder when j is divided by h(6).
3
Let l(t) = t**2 + 7*t + 17. Let n be ((3 - 4) + 5)/((-3)/6). What is the remainder when 74 is divided by l(n)?
24
Let u = -777 + 796. What is the remainder when 396 is divided by u?
16
Let a(g) = g**2 - 16*g + 17. Let h be a(15). Suppose -4*z + 5*z = f + 1, 0 = 4*f - h*z. Suppose 4*q = 57 - f. Calculate the remainder when 25 is divided by q.
11
Calculate the remainder when -1 - -2 - 15*(-34)/6 is divided by 10.
6
Suppose -8*a + 1743 = 199. Let p = a - 104. Calculate the remainder when p is divided by 10.
9
Let s(g) = -3*g**2 + 98*g - 46. Let t be (2/(-6))/((-2)/12). What is the remainder when s(32) is divided by (-1)/(1/(-3)) + t?
3
Suppose 0 = m + m. Suppose m*j = j. Suppose -d + 1 = w, j*w = 3*w + d - 13. Calculate the remainder when 15 is divided by w.
3
Suppose -1408 = -53*y + 9*y. What is the remainder when y is divided by 23?
9
Let s = -1459 + 1689. Calculate the remainder when s is divided by 9.
5
Suppose 0 = 16*f - 114 - 46. What is the remainder when 12 is divided by f?
2
Let y be 1 + (-2 + 1 - 50). Calculate the remainder when -1*45*20/y is divided by 12.
6
Suppose 2*y - 5*y + 195 = 0. What is the remainder when y is divided by 34?
31
What is the remainder when 450 is divided by (-3 - -3)*(-4)/(-8) - -76?
70
Suppos